22001012
In base 3, what is -22001211110002 + 2112?
-22001211100120
In base 13, what is -2a - 48ac82?
-48acac
In base 12, what is -4653 - -3885a?
34207
In base 9, what is 4 + 32428286?
32428301
In base 8, what is -2304612461 + 3?
-2304612456
In base 13, what is -36 + 244886?
244850
In base 13, what is 9108 - 246?
8b92
In base 6, what is -104002 - 40011?
-144013
In base 2, what is -1011 + 11111000000011011001?
11111000000011001110
In base 11, what is -44 - -9a6441?
9a63a8
In base 7, what is -6 - -21665456?
21665450
In base 15, what is -16a3894a + -4?
-16a3894e
In base 7, what is 105 + 2010033?
2010141
In base 6, what is 54111103455 + 5?
54111103504
In base 14, what is -213a36 - 29?
-213a61
In base 5, what is -2314 - -221443430?
221441111
In base 11, what is 16433 - -89?
16511
In base 2, what is 11 + 10001111010100100100010?
10001111010100100100101
In base 6, what is 1140 - 113555?
-112415
In base 9, what is 42285 + 156?
42452
In base 5, what is 1434 + 131214103?
131221042
In base 9, what is -1661443 + -30?
-1661473
In base 6, what is 215 + 1153324?
1153543
In base 4, what is -320 - -100233031201?
100233030221
In base 10, what is -159395 + -56?
-159451
In base 14, what is c1ab7 + -c?
c1aa9
In base 8, what is -1531623 + -2535?
-1534360
In base 8, what is -431361142 + -5?
-431361147
In base 14, what is -a + -153264a?
-1532656
In base 3, what is 11210211222 - 110?
11210211112
In base 5, what is 132322 - 10434?
121333
In base 2, what is -1100011100110111100010 + -11010110?
-1100011100111010111000
In base 3, what is 12 - 1111102002021?
-1111102002002
In base 10, what is 86 + -583337?
-583251
In base 4, what is -2231200112013 + 33?
-2231200111320
In base 11, what is -1704 + -544968?
-546571
In base 16, what is -4559954 + 1?
-4559953
In base 10, what is 163511296 + -2?
163511294
In base 4, what is 332022011233 - 232?
332022011001
In base 13, what is 4906 - -2818?
7421
In base 3, what is 10200122012021 + 121?
10200122012212
In base 2, what is -100100001011 + -11000011000?
-111100100011
In base 13, what is 97a799 + -2b?
97a76b
In base 7, what is -434652 + 21?
-434631
In base 6, what is -3 + -345020133?
-345020140
In base 7, what is -6134205 - 53?
-6134261
In base 6, what is 1034102 + 5022?
1043124
In base 13, what is bc - -1b079?
1b168
In base 9, what is 10 - 4324521?
-4324511
In base 12, what is 1 + 7432761?
7432762
In base 6, what is -123125 + -23040?
-150205
In base 13, what is -26162 + -4bb?
-26650
In base 10, what is 0 - 198057061?
-198057061
In base 14, what is -ccd3 - 199?
-d08c
In base 11, what is 40 - -5298a1?
529931
In base 3, what is -1120212000221010 - -102?
-1120212000220201
In base 9, what is -148 + -1155242?
-1155401
In base 4, what is 2002 + 3223123?
3231131
In base 9, what is 3607232 - 6?
3607225
In base 6, what is 35342505253 + 3?
35342505300
In base 12, what is 5662b - -26?
56655
In base 5, what is 11 + 410402?
410413
In base 2, what is 11000101101000100111 - 100?
11000101101000100011
In base 9, what is 448070 - 24?
448045
In base 3, what is 1112 - -11101111120?
11101120002
In base 8, what is 24 + 45074543?
45074567
In base 15, what is 9 + -407cdb?
-407cd2
In base 4, what is 2 + -11130232230210?
-11130232230202
In base 10, what is -752 + 42708?
41956
In base 13, what is 0 - 47309281?
-47309281
In base 11, what is -7 + 34885530?
34885524
In base 3, what is -122211010100 + 102200?
-122210200200
In base 11, what is 1 + -9949a09?
-9949a08
In base 13, what is -4 - 4713b300?
-4713b304
In base 4, what is 133021132102 + -11?
133021132031
In base 2, what is 1010110010101 + 1000001001110001?
1001100000000110
In base 12, what is 2aab0b1 + -42?
2aab06b
In base 5, what is -1344002 - 3424?
-1402431
In base 8, what is -2 - -6014543?
6014541
In base 13, what is -10 - -735c936?
735c926
In base 9, what is 266 - 28242?
-27865
In base 14, what is 274c3a + 3?
274c3d
In base 9, what is 22346521 + -4?
22346516
In base 6, what is 3 + -14112224503?
-14112224500
In base 7, what is -154 + -4264034?
-4264221
In base 4, what is 31 - -130123110302?
130123110333
In base 8, what is 16 - -4522256?
4522274
In base 5, what is 10 + -233443144001?
-233443143441
In base 4, what is -2321103221002 - -33?
-2321103220303
In base 2, what is -1001 + 11001111110110011001111111?
11001111110110011001110110
In base 16, what is 8754823 - -2?
8754825
In base 2, what is 10001011101101 + -101101110011010111?
-101011100111101010
In base 15, what is 1d + 98724?
98742
In base 6, what is -44234254005 - 4?
-44234254013
In base 11, what is -11 + -43175398?
-431753a9
In base 12, what is 7a30b6 + -61?
7a3055
In base 14, what is -10cc6a4 - -8?
-10cc69a
In base 10, what is -12692127 - 3?
-12692130
In base 2, what is 100101011 + 1011000010010?
1011100111101
In base 6, what is -1351433140 + 2?
-1351433134
In base 9, what is 8671 + -58377?
-48606
In base 14, what is -42bc - -4a77?
799
In base 13, what is -10819 - 3b0?
-10bc9
In base 15, what is c3c1d6 - 0?
c3c1d6
In base 15, what is 5a49e7 + 5?
5a49ec
In base 10, what is 9380460 - 2?
9380458
In base 4, what is 1 + -1032001032?
-1032001031
In base 16, what is -4231195 - -13?
-4231182
In base 14, what is 21 + 505a3?
505c4
In base 9, what is -20466487 - -5?
-20466482
In base 7, what is -162614020 + -5?
-162614025
In base 8, what is -640736 - -416?
-640320
In base 5, what is -4214142 - 24413?
-4244110
In base 6, what is 302133351 - -4?
302133355
In base 16, what is 13 - -b2fa5c?
b2fa6f
In base 5, what is 12430 - -23034?
41014
In base 16, what is 1bd - 123c?
-107f
In base 5, what is -343401201 - -30?
-343401121
In base 11, what is 108373 - -1a88?
10a350
In base 14, what is 8 + 14d0985?
14d098d
In base 5, what is 2112 + 204122132?
204124244
In base 4, what is 10113300 + -1120302?
2332332
In base 5, what is -4021 - -12134?
3113
In base 2, what is -101 + -1011111111000110000000?
-1011111111000110000101
In base 5, what is 2313023 + -42?
2312431
In base 4, what is -1000033221331 + -3?
-1000033222000
In base 11, what is 15625752 + 4?
15625756
In base 16, what is cc542 + -6?
cc53c
In base 16, what is 401e - -c1b?
4c39
In base 15, what is -1 + 12d1eb5?
12d1eb4
In base 4, what is -30210 - -12103020123?
12102323313
In base 14, what is -2 - -30a533?
30a531
In base 6, what is -33324152 + 12?
-33324140
In base 5, what is -2340421 - -12121?
-2323300
In base 13, what is 6211c6 + -32?
621194
In base 10, what is -24 - 2367072?
-2367096
In base 6, what is 212 - -255023?
255235
In base 13, what is a8472a - 4?
a84726
In base 15, what is -2d + 4d786?
4d758
In base 4, what is 223 - -1331311303?
1331312132
In base 15, what is -64e68 - -b?
-64e5c
In base 8, what is -100475 - 2372?
-103067
In base 5, what is -21401 - 3340234?
-3412140
In base 16, what is -663 - e8b3?
-ef16
In base 10, what is 1356144 + 17?
1356161
In base 9, what is -503015 - 753?
-503768
In base 12, what is a098771 - 3?
a09876a
In base 9, what is -2 + -3405445?
-3405447
In base 10, what is 309792 - -75?
309867
In base 3, what is 2121020220220221100 - 2?
2121020220220221021
In base 3, what is -10112002211022 - -21?
-10112002211001
In base 10, what is -26 + -69668?
-69694
In base 4, what is 22310132 + -230312?
22013220
In base 12, what is 3 - -11905608?
1190560b
In base 6, what is -3 - -22444005211?
22444005204
In base 9, what is -234 - -4343?
4108
In base 5, what is -134 + 222203211?
222203022
In base 5, what is -20 - -244030223?
244030203
In base 11, what is -227 - -36402?
36186
In base 4, what is 11 - 10323232312?
-10323232301
In base 2, what is -1011101101010 + 1111011100110?
11101111100
In base 2, what is 100001011010001 - 1000000101?
100000011001100
In base 10, what is -27 + -1037579?
-1037606
In base 16, what is f2f62a + -2?
f2f628
In base 10, what is -473 - 14067?
-14540
In base 11, what is 741 + 23669?
242aa
In base 16, what is -19e + 386a?
36cc
In base 15, what is 81c42e + -5?
81c429
In base 13, what is -1 + 733098?
733097
In base 7, what is -15135203 + 6?
-15135164
In base 5, what is 3032002 + -322?
3031130
In base 2, what is -1101100010 + 1001000111101010111?
1001000101111110101
In base 15, what is 5 + -13cc7434?
-13cc742e
In base 10, what is 919430 - 41?
919389
In base 5, what is 3 - -201314?
201322
In base 4, what is 0 + 2032021010120?
2032021010120
In base 16, what is -1 + 1dba614?
1dba613
In 